 the value of 8 - (7 - 0 - 5)?
6
2 - (-5 - (2 - 12))
-3
Calculate 1 + (0 - -1) - (-2 + 2).
2
Calculate 0 + 2 - (0 - 2 - -6).
-2
4 + (3 - (1 - -1) - -1)
6
What is (5 - (-2 + 2)) + -6?
-1
-1 + (4 - 6 - 1)
-4
(-8 - (-2 - 8)) + (-5 - -1)
-2
5 + 1 + (-1 - 2)
3
2 + (-2 - (-3 - (0 + -1)))
2
What is the value of (-8 + 3 - -2) + 3 - -2?
2
-7 - (-4 + -1) - -1
-1
(1 - ((0 - -3) + -1)) + 0
-1
Calculate -1 + -1 + (1 - 1).
-2
What is 6 - (4 + -10 + 9)?
3
Calculate 4 + -5 + 0 + 6.
5
What is the value of 0 - (15 + -17 - (-1 + -1))?
0
Evaluate 8 + 0 + -9 + 37 + -39.
-3
What is -3 - (1 + -2) - -3 - 3?
-2
What is the value of -4 + -1 - (-9 + 3 + -1)?
2
6 - (17 + -11) - (-1 - -1)
0
Calculate 3 + 13 + -2 + (4 - 8).
10
Evaluate 0 + -2 + -14 + 9 + 10.
3
What is 11 + 8 + -17 + -2?
0
Calculate (8 - (3 - -2)) + (1 - 2).
2
What is the value of (-6 - -3) + (24 - 18)?
3
Evaluate -1 + -1 - (-57 + 59).
-4
-1 - (4 - 6) - 5
-4
Calculate 15 + -14 + (0 - 1) + 1.
1
What is the value of 2 + -5 + 5 + (-2 - 1)?
-1
Evaluate 13 + (-4 - (-6 + 7)) + -8.
0
What is the value of (0 - 1) + 4 + -1 + 0?
2
What is (33 - 6) + -12 + -20?
-5
What is -10 + 5 - (-8 + 2 + 5)?
-4
9 - (6 + -1) - 4
0
-11 - (3 + 4 + -10)
-8
Evaluate -4 + (1 - 4) + 3.
-4
What is the value of (-6 - (-7 + (-2 - 3))) + -16?
-10
What is the value of (-2 + -1 - -1) + (0 - -5)?
3
What is the value of 2 - -1 - (1 - -3)?
-1
What is the value of (-2 - -3) + -6 - (10 + -11)?
-4
-4 + 7 + 1 + -7
-3
Evaluate 2 + (-4 - -6) + -4 + 5.
5
Calculate 0 - (5 - (-1 - (-5 + 4))).
-5
What is -5 - -2 - (-2 - (-4 - -5))?
0
What is the value of 10 + (-4 - -1) + -2?
5
-9 - 0 - (0 - 4)
-5
Calculate -1 + 0 + (-1 - 4) - -3.
-3
What is the value of -8 - (7 - 24) - 8?
1
-1 + 2 + 8 - 13
-4
What is 4 + (14 - 12) + (3 - 2)?
7
What is the value of (-4 - -3) + (25 - 24)?
0
(-4 - -10) + (2 - 9)
-1
Evaluate 13 + -17 + -4 + (-2 - 0).
-10
What is (0 - 9) + (-3 - -7)?
-5
What is 30 + -38 + 0 + 6?
-2
What is the value of 8 + -1 + -4 + 5 + -4?
4
Calculate -9 + (6 - (-2 + (2 - -2))).
-5
Calculate (5 - 9) + 2 + -1 + 0.
-3
Calculate -2 - -4 - -1 - (23 + -16).
-4
Evaluate (12 - 5) + (-2 - (-8 + 7)).
6
What is (-4 - -1) + -5 - -3?
-5
-3 + (-1 - 0) + 2
-2
What is -4 + -6 + 11 + 3?
4
What is the value of 5 - 1 - (2 - 3)?
5
-3 + 2 + 5 - (1 + -1)
4
What is -3 + -4 + (10 - 9)?
-6
7 + -5 + -12 - -5
-5
Calculate 2 + 4 + -10 + (19 - 9).
6
What is the value of 1 + -5 + (0 - 2 - -2)?
-4
(2 - (9 + -2 + -4)) + 0
-1
5 + -3 - 4 - 1
-3
Evaluate (-1 + -2 - -4) + -2.
-1
What is the value of (2 - 17 - -1) + (104 - 100)?
-10
Evaluate -2 - (-7 + 3 - -6).
-4
What is 43 - 41 - (-2 - (0 + -1))?
3
What is 11 - -1 - (-5 + 16)?
1
Evaluate -3 - (-1 + (-1 - 0) + 0).
-1
Evaluate 1 + 6 - (-3 + (0 - -7)).
3
-30 + 20 - (-6 - -1)
-5
Calculate (-2 - (-7 + 8)) + -3.
-6
What is (-2 - -2) + 1 + 2?
3
What is the value of 1 + (-1 + 1 - 3 - 3)?
-5
-3 - 3 - 3 - -4
-5
Evaluate 3 - (0 + 0 - (23 - 26)).
0
What is (1 - -3) + (-11 - -3)?
-4
What is the value of -8 - -1 - (-7 - -3) - 2?
-5
1 + (1 - 5) - (-39 - -26)
10
What is the value of (-4 - 2) + 0 - (10 + -8)?
-8
Evaluate -3 + -3 + 0 + 3.
-3
-3 + 8 + (-11 - -5) + 1
0
Calculate -4 + (-1 - (4 + -6 + -2)).
-1
What is the value of (4 - -5) + (7 - 7) + -1?
8
-4 + 2 + 5 - 7
-4
Evaluate (2 - 4) + -2 - -7.
3
-2 + 2 - (6 - (8 + -7))
-5
Calculate (2 - 0) + (-2 - 0) + 2.
2
-4 + (2 + 0 - (-2 + 1))
-1
-3 - (-2 + (-1 - 1) - 3)
4
What is 3 + 2 + -4 + (1 - -1)?
3
Evaluate -270 + 261 + 10 + 0.
1
Evaluate (-1 - 4) + -4 + 8.
-1
Evaluate -5 + -1 - -1 - (12 + -12).
-5
What is -1 - (0 + 0 + 12 + -15)?
2
What is the value of -4 + 5 + 6 + -2 + -4?
1
What is -6 - -1 - (-2 + 2 - 3)?
-2
Calculate (-2 - 2) + (-13 - -13).
-4
What is -6 + -3 + 8 + 3?
2
What is 4 + -8 + 9 - 7?
-2
What is (-5 - 1) + -8 + 8?
-6
What is the value of -1 - -1 - (-1 - 0) - -2?
3
What is -2 + (-2 - 1) + -5 + 9?
-1
-3 - -3 - (6 + (-9 - -4))
-1
Evaluate 1 - 1 - (-5 + (6 - -2)).
-3
What is -1 + -1 + -1 + -3 + 7?
1
What is (-7 - -5) + 5 + -10?
-7
Calculate (-2 - (5 - 4)) + 5 - 5.
-3
Evaluate 11 + (-8 - 0) + 0.
3
Calculate -2 + -1 + 3 + 3 - -1.
4
Calculate -10 - -7 - (3 - (1 - 0)).
-5
What is -4 + 2 - (9 + -9)?
-2
Evaluate 5 - (-2 + 6 + 9).
-8
Calculate 5 + (-3 - -2) - 3.
1
Calculate 4 - (-3 - (-2 + -4)).
1
What is 14 + -20 + 0 + (0 - 2)?
-8
What is the value of (52 - 48) + (0 - 9)?
-5
9 + (-2 - -2) + -17
-8
Evaluate 22 + -19 - (-1 + 3 + 1).
0
Calculate 4 - (-4 - (2 + -6) - -1).
3
Evaluate 16 + -14 + (-4 - 0) - -5.
3
-2 - ((-5 - (3 + 1)) + 5)
2
3 + 5 + -1 + (-8 - -3)
2
What is 2 + (-22 - -9 - -7)?
-4
(5 - 6) + -5 + 3 + -1
-4
What is the value of 4 - (3 - 1) - (17 - 24)?
9
-4 + (-12 + -2 - -9)
-9
Evaluate -2 + 0 - -4 - 0 - 4.
-2
What is the value of (2 - 0) + -1 - -1?
2
Evaluate 1 + (-2 - 1) + (2 - -2).
2
Calculate -7 + 4 + -3 + 3 + -3.
-6
What is the value of (-6 - (2 + 0 - 6)) + -4?
-6
What is -1 + 6 - (-52 + 52)?
5
What is the value of -5 + 0 + -4 + (-10 - -21)?
2
Calculate 8 - (-10 + 8 - -8).
2
Calculate 9 + 2 + -9 - 11.
-9
-2 - 3 - (5 + (-9 - 9))
8
What is 10 + 5 + -10 + -3 + 0?
2
9 - (4 + 1) - 2 - 2
0
2 - (-4 - (-6 + 3))
3
Calculate -3 - (-6 + 3 - -2 - -2).
-4
What is the value of 5 - (5 - 5) - (-4 - -12)?
-3
5 + (-2 - (2 - 0 - 3))
4
What is -7 - (-5 - 0) - -1 - 2?
-3
-7 + (4 - 4) + (1 - -2)
-4
15 - (-8 + (13 - -7))
3
What is the value of 0 + 0 + 3 + -7?
-4
What is the value of 3 + (4 - (-2 - -9))?
0
Evaluate 0 - (-5 + (-8 - -7)).
6
Calculate -6 + (-6 - -17) - -1 - 9.
-3
5 + (7 - (12 + (-1 - 5)))
6
What is the value of (-2 - 0 - -4) + -7?
-5
What is the value of 3 + 0 - (2 - 2 - -2)?
1
What is the value of 12 + 9 + -1 + 16 + -30?
6
Evaluate -2 + -6 + 3 + 8 + -2.
1
Evaluate -4 - 1 - (4 + 3 + -7).
-5
What is the value of -2 - (4 - (3 - (6 - 4)))?
-5
What is the value of 2 + -1 + -3 - (-4 + 1)?
1
What is 0 - 2 - (3 - (-2 - -8))?
1
What is 13 - (10 - -1) - (6 + 1)?
-5
Evaluate 4 - (1 + -2 + 9).
-4
-5 - -5 - ((5 - 3) + -5)
3
Evaluate 22 - 10 - 14 - (0 - -5).
-7
Evaluate -2 + -3 + -1 + 3 + 0.
-3
What is the value of (0 - 3) + (3 - (1 + 0))?
-1
Calculate 0 + (-1 + 3 + -5 - 0).
-3
Evaluate 3 + -6 + 3 - -5.
5
What is the value of (2 - 3) + 0 + 6 + -7?
-2
4 + (8 - (-8 - -14))
6
What is -24 - -26 - (0 + -10) - 6?
6
Evaluate -1 - (-10 + -1 + (2 - -3)).
5
What is 2 + -5 + 3 - -1?
1
18 + (-2 - 2) + -20
-6
What is the value of 2 + 4 + (-3 - -2 - 4)?
1
Evaluate -1 - (3 + -9 + 4).
1
Calculate -2 - (-3 + 4) - -1.
-2
What is (1 - 1) + (14 - 13)?
1
What is (5 + 1 - (-93 + 100)) + 4?
3
What is -25 + 21 + (9 - 2) + 0?
3
0 + -1 - (40 + -38)
-3
Evaluate 8 + -8 - (-3 - 1).
4
What is the value of -1 - (-4 - (-3 - -1))?
1
Evaluate (-9 - (-7 + 2)) + 3 - -7.
6
Calculate 2 + 1 + -9 + (-45 - -51).
0
3 - (5 - (1 - (0 - -5)))
-6
What is -2 - (0 + (5 - (4 - -1)))?
-2
Calculate (0 - 0) + -4 - 0.
-4
(4 - (4 + 0)) + -4
-4
(-1 - ((-3 - -10) + -18)) + -6
4
Evaluate -6 - (3 + -6 + 2).
-5
What is 9 - (5 - 1 - 0)?
5
What is the value of -6 - (-1 - 1 - -2) - -3?
-3
What is (8 - 4) + -1 - 1?
2
Evaluate 2 + (-3 + -1 - 3 - -5).
0
Evaluate -4 - (4 - 0 - 5).
-3
-2 + (-2 - -10) + -6
0
Calculate 7 - (-2 - -4 - -4).
1
Calculate (2 - -2) + (5 - 9).
0
-5 + 6 - (-2 + 2)
1
Evaluate 2 + -2 - (-3 + 0) - -2.
5
Evaluate 1 + 0 + -3 + 4.
2
(2 - 2 - (0 + 1)) + 5
4
Evaluate (0 - -2) + (1 + 1 - 0).
4
What is the value of 1 + (0 - (0 - -1)) + -2?
-2
What is the value of (3 - 8) + (-13 - -17)?
-1
What is the value of 9 - -1 - (87 + -84)?
7
Calculate 8 + -2 - 6 - 5.
-5
What is -2 + (8 - 2 - 6) + 3?
1
1 + 3 + 7 + -7 + -2
2
What is -1 - -10 - (-6 - -20)?
-5
0 + (4 - 7) + 5
2
Evaluate 7 + (1 + 0 - 2 - 2).
4
2 + (2 + 3 - 4)
3
What is the value of 0 - 0 - (-11 + 9 + 2)?
0
Evaluate -7 + 2 + (-11 - -15).
-1
What is the value of 0 + (3 - (-7 - -5))?
5
Evaluate 1 + -5 + 6 + -1.
1
Calculate -1 - (2 - (-3 + (-7 - -7))).
-6
What is 1 + -1 + 2 - (-126 - -133)?
-5
Calculate -2 + -3 - 1 - 0.
-6
What is the value of (-3 - 0) + 3 + -1?
-1
What is -9 + -2 + 1 + -1 + 5?
-6
-12 - (-16 + 4 + 4)
-4
Calculate 9 - (8 - (5 - (-5 - -3))).
8
What is (-2 - (-6 + (1 - 0))) + -5?
-2
(-1 - 7) + (7 - 0 - 3)
-4
What is -5 - 5 - -3 - (1 + -3)?
-5
What is -2 - (4 - 3 - 6)?
3
1 + -4 + 1 + 3
1
Calculate 2 - 5 - ((4 - 5) + 3).
-5
What is the value of 2 + -3 + (-8 - -14)?
5
What is the value of -3 + -1 + 10 + -4 +